m) = -m**2 + 41*m - 60. Calculate b(v).
18
Let v(m) = 7*m**2 - 4*m - 33. Let b(y) = 13*y**2 - 7*y - 64. Let q(w) = 3*b(w) - 5*v(w). Let n(i) be the first derivative of q(i). Calculate n(-2).
-17
Let n(c) = -c**2 - 4*c - 6. Let o(s) = 2*s**2 - 4*s - 8. Let f(x) = -5*x**2 + 13*x + 23. Let v(y) = 3*f(y) + 8*o(y). Let j(i) = -4*n(i) - 3*v(i). Give j(6).
15
Let b(f) = 2*f - 26. Suppose 0 = 94*m - 63*m. Calculate b(m).
-26
Let h(i) = i**3 - 3*i + 10*i - 13*i**2 + 8*i - 121 + 82. What is h(12)?
-3
Let i(a) = -21*a + 5. Let v(r) be the first derivative of 5*r**2/2 + 31. Let c(l) = -i(l) - 4*v(l). Determine c(7).
2
Let i(k) = k**2 + 3*k + 6. Let j be 6/(-15) - (-165)/(-25). Let r be i(j). Suppose s + r = 5*a, -a - s - 3 = -5. Let n(v) = -v + 10. Determine n(a).
4
Let p(h) = h**2 + 4*h. Let n be 2/(-1) - (3 + -1). Let c be p(n). Let s(i) = 183 + i**2 + 94 - 289 + i**3 + 0*i**3. What is s(c)?
-12
Let h = 8457 + -8467. Let a(q) = q + 24. Calculate a(h).
14
Let z(h) = -20 - 5*h**2 - 8*h - 17 + 31 - 10*h**3 + 11*h**3 - 2*h**3. Calculate z(-2).
-2
Let g(a) = -7*a**2 + 11 - 3*a - 12 + 6*a**2. Suppose 3*h + p = -187, -5*p = 3*h - h + 103. Let s = h - -60. Give g(s).
-5
Let n(h) be the third derivative of -h**6/120 - 11*h**5/60 - 5*h**4/12 + 2*h**3/3 - 2504*h**2. Give n(-10).
4
Suppose 54*d - 50 - 198 = 22. Let p(i) = -2*i**3 + 12*i**2 - 10*i - 4. Determine p(d).
-4
Let f = -3301 + 3298. Let s(b) = -15*b - 35. What is s(f)?
10
Let a(h) be the second derivative of h**3/6 + 13*h**2/2 - 11092*h. Determine a(13).
26
Let a(j) = j**3 - 3*j**2 - 3*j - 4. Let o(b) = b**3 - 2*b**2 - 2*b - 4. Let h(w) = 6*a(w) - 5*o(w). Let r = 16 - 7. Calculate h(r).
5
Suppose -84*k - 93*k + 960 = -633. Let p(x) = -3*x**2 + 28*x - 3. Give p(k).
6
Let g = -1 + 2. Let p(h) = -42 - h + 0*h + 65 - 8*h - 23. What is p(g)?
-9
Let d = -13 + 13. Suppose d = -b + 6*b + 40. Let v(t) = -21939*t + t**2 - 9 + 2 + 21930*t - 2*t**2. Calculate v(b).
1
Let r(z) be the second derivative of 4*z - z**3 - 1/12*z**4 + 0 - 1/2*z**2. Let x be ((-2)/(-4))/(3 - 74/24). Give r(x).
-1
Let k(l) be the second derivative of l**4/12 - 10*l**3/3 + 37*l**2/2 + l - 490. Calculate k(12).
-59
Let v(a) = 2*a**2 + 6*a - 13. Let l be ((-8)/14)/(30/(-21)) + 108/30. Determine v(l).
43
Let s(f) be the second derivative of f**4/12 + 7*f**3/6 + 3*f**2/2 + 3202*f. Determine s(-3).
-9
Let q(j) = 311*j**2 - 14*j + 428. Let p(k) = 83*k**2 - 4*k + 107. Let z(i) = -15*p(i) + 4*q(i). What is z(13)?
-10
Let h(o) = o**3 + 7*o**2 - o - 8. Let t be h(-7). Let u(z) = -3*z**3 - 30*z**2 + 18. Let q be u(-10). Let a(j) = -26 - 23 - q*j - 30 + 106 - 28. Give a(t).
17
Let k be 297/(-12) + (-2)/8. Let z be (11 - 2)/(21/56 + 0). Let d = k + z. Let m(y) = 5*y**3 - y**2 + y + 1. Calculate m(d).
-6
Let t(v) = -v + 5 + 17 + 0 - 4 + 2*v. Let g(x) = 2*x + 4. Let k(q) = g(q) - t(q). Give k(7).
-7
Let w(p) = -19*p + 216. Let x be w(9). Let g(l) = x - 2*l + 56 + l**2 - 144 + 47. Determine g(6).
28
Let i = 139 - 136. Let g(z) = -4*z**2 - z. What is g(i)?
-39
Let c(l) be the third derivative of -1/3*l**4 + 0 + 0*l - 49*l**2 + 1/6*l**3. Suppose 4*o - 4*m - 34 = -6, -o - 8 = 2*m. Give c(o).
-15
Suppose -152 = 5*f + z, -z + 148 = 4*f - 9*f. Let a be (f/25 - 0)/((-4)/10). Let g(b) = 0*b - 2*b + 12 + a*b + 0*b. Determine g(-5).
7
Let b(s) = -36*s**3 - 1130*s**2 + 22*s + 42. Let v(d) = 5*d**3 + 156*d**2 - 3*d - 6. Let h(x) = 4*b(x) + 29*v(x). Let p = -12 + 8. Determine h(p).
-10
Suppose 0 = -8*b + 34005 + 24163. Let w(t) = -3*t + b*t**3 - 2*t**2 + 6 - 2*t**2 - 7270*t**3. What is w(4)?
-6
Let t(x) = -x**2 - 6*x - 2. Let z(j) = -j**3 + 34*j**2 + 39*j - 33. Let w be z(35). Suppose -3*g = -401 + 98. Let q = g - w. Calculate t(q).
-2
Let t(k) be the third derivative of -k**5/60 - k**4/8 - 5*k**3/6 + 3*k**2 + 64*k - 3. What is t(-6)?
-23
Let k(s) = s**3 - 7*s**2 + 7*s - 2. Suppose 55 = 8*y - 3*y. Let t be y + -1 + (-4 - 0). Determine k(t).
4
Let k = -470 - -472. Let z(d) = -2*d - 18 + 13*d**2 - 33*d**2 + 15*d**k + 14. Calculate z(-3).
-43
Let w(d) = 3*d**2 + 3*d**2 - 4 - d - 7*d**2 - 7*d. Suppose 4*l = -r + 168, -4*l + 150 + 18 = 4*r. Suppose 14*f + l = -28. Give w(f).
11
Suppose -809*g - 12*g = 6*g - 9924. Let k(d) = -d**2 + 15*d - 21. Determine k(g).
15
Let n(m) = 36*m - 30. Let b be n(13). Let z(d) = d**2 - 436 - d + 872 - d**3 - b. Calculate z(2).
-8
Let m = -6397 - -6396. Let o be 38/9 - (-2)/(-9). Let b(f) = o - 4 + 8*f + 1. Calculate b(m).
-7
Let z(v) be the second derivative of -17/2*v**2 + 1/24*v**4 + 0 + 5/6*v**3 + 19*v. Let u(i) be the first derivative of z(i). Determine u(0).
5
Let d(r) be the second derivative of 0 + 2/3*r**3 + 1/12*r**4 + 0*r**2 - 15*r. Give d(-2).
-4
Let t = 2367 + -2363. Let f(x) = 4*x**2 - 3*x + 4. What is f(t)?
56
Let a(x) = -x**2 - 4*x + 14. Suppose -3*f = 2*j - 75 + 108, 0 = -4*j - 24. Calculate a(f).
-7
Let q(a) = 20*a - 95. Suppose -2*o = -16, 3*d + 4*o + 11 = 58. What is q(d)?
5
Let o(a) = 29 + 16741*a**2 - 16738*a**2 + 3*a + 44*a. Give o(-15).
-1
Let n(q) be the third derivative of -q**5/60 - 5*q**4/12 - q**3/3 + 1715*q**2. Determine n(-10).
-2
Suppose 2*z = 4*b, z = 4*b - 6*b + 8. Let n(p) = -2*p**2 + 3*p + 5*p**b + 4*p**2 + 210 - p**3 - 219. Calculate n(7).
12
Let j(w) = 14*w**2 + 28*w + 26. Let x(c) = 26*c**2 + 53*c + 49. Let f(i) = -9*j(i) + 5*x(i). Give f(-5).
46
Let y(o) be the first derivative of 3*o**2/2 - 3*o + 735. What is y(-1)?
-6
Let q(y) be the second derivative of y**3/2 - 26*y**2 + 586*y. Calculate q(22).
14
Let i(k) be the third derivative of k**5/60 - 7*k**4/24 - 17*k**3/3 - 2*k**2 - 146*k + 7. What is i(-4)?
10
Let d(c) = 102*c - 616. Let w be ((-21)/(-1) + -18)*2. Give d(w).
-4
Let d = -3210 - -3224. Let m(h) = -22*h + 302. Determine m(d).
-6
Let k(f) be the third derivative of f**4/24 - 10*f**3/3 + 2*f**2 + 128. Determine k(8).
-12
Let q(l) = 3*l - 3. Let d = 264 - 213. Let h(v) = 25*v - 24. Let c(k) = d*q(k) - 6*h(k). Give c(6).
9
Let s = -15 + 17. Suppose 42 = -5*f - s*f. Let l be 1 + (f - -4 - -1 - -2). Let t(i) = -9*i. What is t(l)?
-18
Suppose -5*c + 1 - 51 = 0. Let i(x) be the third derivative of 3/20*x**5 - 5/12*x**4 - 2*x**3 - 6*x + 0 + x**2 + 1/120*x**6. What is i(c)?
-12
Let g be -2 - 9/(-4) - 150/(-8). Suppose -g + 11 = 2*d. Let m(w) = 6*w + 6. What is m(d)?
-18
Let m(i) = i + 9. Let l(c) = 2*c + 7. Let v be l(-4). Let k(o) = -o**3 - 2*o**2 - 4*o - 9. Let a be k(0). Let u = v - a. Determine m(u).
17
Let u(a) be the second derivative of a**6/360 - a**5/40 - a**4/8 + a**3/2 + 7*a**2/2 + a + 11. Let z(i) be the second derivative of u(i). Determine z(5).
7
Let o(c) = -8979 - 4*c + 4476 + 4490. Give o(-3).
-1
Let s(c) be the second derivative of -1/2*c**2 - 1/6*c**3 + 1/6*c**4 + 131*c + 1/20*c**5 + 0. Calculate s(-2).
1
Let p(b) = -6*b - 1. Let w = -121 - -126. Suppose 4*y = -2*k + 3*k - 21, w*y = -k - 15. Determine p(y).
23
Suppose 5*b - 101 = -96. Let c(s) = 18*s - 9 - s + b + s**2 + 10. Calculate c(-17).
2
Let z(g) = g**3 + 6*g**2 - 7*g - 10. Let x be z(-7). Let c be 112/52 + (-2)/13. Let l(t) = -t**c + 28*t - 20*t - 19*t - 11. Give l(x).
-1
Let t(k) be the first derivative of 3*k**2 - 75*k + 1476. Calculate t(12).
-3
Let b(i) = i**3 - 6*i**2 - 4. Let d = 328 + -323. Suppose -d*q = -5*v - 10, 0*q + 5*v = -4*q + 44. Calculate b(q).
-4
Let q = -4819 + 4845. Let c(t) = -2*t + 65. What is c(q)?
13
Let p be 10 + (-136 + 15)/11. Let n(l) = 22*l - 2. Determine n(p).
-24
Let t(v) be the first derivative of -v**2/2 + 48*v - 1112. Give t(19).
29
Let q(x) = 4*x**2 - 2*x**3 + 3*x + 4*x**3 - 3 + 2*x**2 + 2. Let a(k) = 3*k**3 + 6*k**2 + 2*k - 2. Let b(c) = -3*a(c) + 4*q(c). Let u = 0 + 7. Give b(u).
-5
Let b(g) = 12*g - 289. Let s be -30 - -28 - (-33 - -8). Calculate b(s).
-13
Let a(p) be the first derivative of -4*p**3/3 - 5*p**2 + 14*p - 102. Let n(f) = f**2 - f + 2. Let b(y) = -a(y) - 3*n(y). Calculate b(-14).
-6
Suppose 1 = 2*h + 2*f - 11, 3*f = 2*h - 7. Let b(g) = -60*g**3 + h*g + 27*g**3 - 2*g**2 - 4*g + 32*g**3 + 2. Suppose 0 = -t - 3 - 0. Give b(t).
8
Let v(w) be the second derivative of w**3/2 + 5*w**2/2 - 27*w - 22. Determine v(-1).
2
Let n(t) = 3 + 205*t - 193*t + 4. Determine n(-1).
-5
Let f(n) = 59*n - 421. Let q = -24221 - -24228. Calculate f(q).
-8
Let p(i) = 2092*i**2 + 2*i - 2093*i**2 + 6*i + 0